-3*u = 2*w - 70 + 185, 5*u + 2*w + 185 = 0. Let j be (3 - 10/(-5)) + u. Let c = j + 48. Calculate the highest common divisor of c and 4.
2
Suppose -l = -2*m + 4*m - 250, -1265 = -5*l + 5*m. Suppose h - 5*h = -l. Let w = 103523 - 103514. Calculate the highest common factor of w and h.
9
Let w be 238/(-1785) + 694/30. Calculate the highest common factor of 9798 and w.
23
Suppose -j - 4*z = -2*j + 268, -4*z + 596 = 2*j. Suppose 25*q + 52*q - 1174 = 212. Calculate the highest common divisor of j and q.
18
Suppose g - u + 6 = 2, -g = -3*u + 12. Suppose g = -3*y + 3 + 48. Suppose -25 = -2*s + y. Calculate the greatest common divisor of s and 21.
21
Let k = -5 + 74. Let m = -73 + k. Let i be (206 + 1)*m/(-6). What is the highest common factor of 23 and i?
23
Suppose 0 = -2*z + 45 - 35. Suppose -25 = -5*o, -z*d + 4*d - o + 25 = 0. Calculate the highest common factor of d and 40.
20
Let g = -247 + 117. Let d = g - -192. Calculate the highest common divisor of d and 31.
31
Let m = 6039 - 6003. What is the greatest common factor of 1278 and m?
18
Let h = -275 - 9. Let r = 315 + h. Suppose -x + 2*x = 279. Calculate the highest common divisor of x and r.
31
Let o be 41 - (0 + -2 + -1). Suppose 0 = 6*n - o + 14. Calculate the highest common divisor of n and 4.
1
Let l(i) = i + 16. Let n be 26/(-2) - (-24 + 19). Let u be l(n). Calculate the highest common divisor of 68 and u.
4
Let j(t) = t**3 + t**2 + 3*t + 14. Let c be j(-2). Suppose -51 = c*n - 135. What is the greatest common divisor of 777 and n?
21
Suppose -22*k + 38*k - 10304 = 0. What is the greatest common divisor of 70 and k?
14
Let c(v) = v**3 - 14*v**2 + 18*v + 43. Let x be c(11). Let h = 130 + x. What is the greatest common factor of h and 52?
4
Let v(r) be the second derivative of r**5/10 + 7*r**4/3 + r**3/6 + 13*r**2/2 - 29*r - 1. Let o be v(-13). What is the highest common divisor of 52 and o?
26
Suppose 0 = m - 2*z - 53 - 75, -170 = -m - 5*z. Calculate the greatest common divisor of 455 and m.
35
Suppose -9165 = -2*x + 5*a + 22368, 2*a = 5*x - 78822. Calculate the highest common factor of x and 14.
14
Let h(v) = -v**3 - 13*v**2 + 18*v + 15. Let u be h(-20). Suppose -35 = -2*a - 3*j + 944, -5*a - 5*j + u = 0. What is the highest common factor of 26 and a?
26
Suppose -33 = -4*d + d. Suppose -a = 3 - d. Let j = -56 + 57. Calculate the highest common factor of j and a.
1
Let w = 9 - 26. Suppose 3*q - 2*r = 5*q, -r = 4*q - 12. Let k = q - w. Calculate the greatest common factor of 63 and k.
21
Let v be (2 - -120)/2 + 3. Let m be ((-32)/56)/((-1)/280). What is the highest common factor of m and v?
32
Let y be (2*18)/(24/732 - 0). What is the highest common factor of y and 198?
18
Let f = 9354 - 9179. Calculate the greatest common factor of 725 and f.
25
Suppose -108*y - 151*y + 1486560 = -69*y. Calculate the greatest common divisor of 32 and y.
16
Suppose -2*i + 5*c + 21 = i, 3*c + 21 = 3*i. Suppose -3*o + o + 6 = 2*m, 3*m + 4*o - i = 0. Let g = 20 - 5. What is the highest common factor of g and m?
5
Let w be ((-6)/(-8) - 0) + (-2682)/(-72) + -8. Calculate the greatest common factor of 3010 and w.
10
Suppose 2*n - 48 = -4*u, -4*n - 2*u + 128 = n. Let y(o) = -15*o**3 - 88*o**2 + 12*o + 39. Let a be y(-6). What is the highest common divisor of a and n?
13
Let d be 206759/98 + (-15)/(-70). What is the greatest common factor of 10 and d?
10
Suppose 14*m = 442 + 1098. What is the greatest common divisor of 40 and m?
10
Let c(r) = -17 - 16*r + 7*r**2 + 0*r - 8*r**2. Let k be c(-13). Suppose -x - 445 = -4*u, -u - 6*x + 4*x = -100. What is the greatest common factor of u and k?
22
Suppose 28*g = 23*g + 50. Suppose 0 = g*m - 8*m. Suppose 10*f - 21*f + 330 = m. Calculate the greatest common divisor of f and 10.
10
Suppose 1042 = 2*c + y, 8*c = 13*c - 5*y - 2620. What is the greatest common divisor of c and 27?
9
Let m be (16/24)/((-1)/(-30)). Suppose 3*t - 308 = -5*u + u, -m = -4*u. Suppose 0 = -i + 4 + t. Calculate the greatest common factor of 40 and i.
20
Suppose -6*c + 2112 = 20*c + 62*c. Suppose 271 - 31 = 2*t. What is the highest common factor of t and c?
24
Let f be 1*(47 - 3) + -2. Calculate the greatest common factor of f and 3066.
42
Let a = -51 + 55. Suppose 0 = a*g - 9*g - 245. Let m = g - -72. Calculate the highest common divisor of m and 23.
23
Let b(q) = -2*q**3 - 3*q**2 - 9*q - 16. Let t be b(-5). Suppose 2*y - t = -5*p, y = -0*y + 2. Let k = -26 - -36. What is the greatest common factor of k and p?
10
Let s = 10395 + -3933. What is the greatest common factor of s and 18?
18
Let m(l) = -l**2 + 24*l + 57. Let u be m(22). Suppose u*q - 91*q - 1050 = 0. Calculate the highest common divisor of 15 and q.
15
Let v(f) = f**3 + 6*f**2 - 16*f + 2. Let k be v(-8). Suppose -3*p + 34 = -k*z - 30, 2*z - 32 = -p. Calculate the greatest common factor of p and 192.
24
Let j(q) = -3*q**3 - 10*q**2 + 14*q - 113. Let n be j(-15). What is the greatest common divisor of n and 128?
128
Let x be (-136)/6 + 3/(-5 - 4). Let h(q) = 4*q**2 + 5*q + 4. Let a be h(-3). Let g = a + x. What is the highest common factor of g and 2?
2
Let c(w) = -20*w - w**3 - 3 - 17*w**2 + 13 + 8*w + 38*w. Let b be c(-19). Suppose 104 = 9*a - b. Calculate the highest common factor of 266 and a.
38
Let m be (-4 + (-3 - -1))/(-2*(-3)/(-54)). Let s be 1*-5*1/(-5). Let b be 0 + (27*1)/s. What is the greatest common factor of m and b?
27
Let v(m) = -m**3 - 9*m**2 - 18*m - 20. Let p be (-2)/(-3) - (-161)/(-21). Let z be v(p). Calculate the highest common factor of z and 36.
4
Let g(u) = -20*u + 930. Let c be g(45). Calculate the greatest common factor of 1030 and c.
10
Suppose 161 = 7*c - 0*c. Let k = 210 + -206. Suppose -4*u - 4*v + 2*v = -k, 5*u = 3*v + 5. What is the greatest common factor of u and c?
1
Let s = -395 + 572. Let k(u) = u + 59. Let t be k(0). Calculate the highest common divisor of t and s.
59
Let v be 14*105/294 - -61. Calculate the highest common factor of 1518 and v.
66
Suppose 2*x = -2*c + 67082, -5*x - 59 = -84. What is the greatest common divisor of 16 and c?
16
Suppose -2*n = 5*b + 11489, 4*b - 6*b - 4586 = -4*n. Let k be b/(-11) + (-4)/(-22). Let m = -146 + k. Calculate the greatest common divisor of 21 and m.
21
Let q = 138959 - 138935. Let k be -72*(-1 - (-1)/3). Calculate the greatest common divisor of k and q.
24
Let f be 45/27 - 18/27 - -109. Calculate the highest common factor of f and 517.
11
Let z be 4/6 + 5 + (-55)/15. Suppose -6*o + z*o - 3*r = 118, 2*o = -5*r - 52. Let v be (-1 - o)*9/27. Calculate the greatest common factor of 2 and v.
2
Suppose 4*t + 21*t = 0. Suppose t = 25*b - 2016 - 984. Calculate the highest common divisor of b and 15.
15
Let x(f) = -4 - f**2 + 0*f**2 + 13 + 8*f. Let b be x(8). Suppose -b*q = -13*q + 52. Calculate the highest common divisor of 143 and q.
13
Let y(b) be the second derivative of 7*b**3/6 - 301*b**2/2 - 37*b + 4. Let z be y(51). What is the greatest common divisor of z and 16?
8
Let l be (-966)/115*(0 - (-30)/(-4)). Suppose l*j - 58*j - 330 = 0. What is the highest common factor of 18 and j?
6
Let q(y) = 4*y**2 + 199*y + 522. Let u be q(-47). Calculate the highest common factor of 1985 and u.
5
Suppose -l + 474 = -5*b - 40, -5*l + 2690 = 5*b. Suppose 2*c + 2*c = 356. Calculate the greatest common divisor of l and c.
89
Let k(m) = -282*m - 843. Let c be k(-3). What is the greatest common divisor of c and 321?
3
Suppose 0 = -15*p - 5 + 35. Suppose -46 = w - 2*l - 490, p*w + 3*l - 867 = 0. What is the highest common divisor of 6 and w?
6
Suppose -56*o - 69*o - 255150 = -440*o. Calculate the greatest common divisor of 7938 and o.
162
Suppose 4196*m - 4205*m + 1440 = 0. What is the greatest common divisor of 88 and m?
8
Let x(b) = b**3 + 9*b**2 + 10. Let s be x(-7). Let n(m) = -m + 35. Let i be n(23). What is the highest common factor of i and s?
12
Suppose 2*u = -3*z + 898, u + 601 = 3*z - z. Suppose 3*x = -91 + 82, -g + 48 = -x. What is the highest common factor of g and z?
15
Let a be (-7575)/(-18) + 3/18. Let b = -269 + a. What is the highest common divisor of b and 76?
76
Suppose -248 = -6*s + 2*s. Let f be (7 - 15 - -6) + 11. Let y be -3*(-2)/f*(-837)/(-18). What is the greatest common factor of y and s?
31
Let v(q) be the third derivative of -1/4*q**4 + 1/20*q**5 + 1/